*2 + 194*j + 167. Give d(-18).
-85
Let i(u) = -u**3 - 118*u**2 + 120*u + 208. Determine i(-119).
89
Let s(l) = 128*l - 1806. Give s(14).
-14
Let h(a) = -a**2 - 28*a - 194. What is h(-9)?
-23
Let u(z) = -9*z**2 - 286*z - 134. Determine u(-31).
83
Let h(a) = 4*a**2 + 25*a + 23. Give h(-4).
-13
Let k(d) = 21*d - 1002. What is k(45)?
-57
Let n(b) = 39*b - 3214. Calculate n(86).
140
Let m(i) = 2*i**3 - 14*i**2 - 12*i + 93. What is m(5)?
-67
Let q(n) = 2*n**3 - 2*n**2 - 33*n - 11. What is q(0)?
-11
Let q(f) = -3*f**3 + 6*f**2 + 26*f - 51. Give q(3).
0
Let g(b) = 124*b**2 - 115*b + 4. Calculate g(3).
775
Let a(k) = 97*k**2 - 11. Give a(0).
-11
Let b(j) = 1036*j - 4148. Give b(4).
-4
Let b(c) = -c**3 - 21*c**2 - 107*c - 1161. Calculate b(-19).
150
Let z(n) = -2*n**3 + 12*n**2 - 11*n + 24. What is z(6)?
-42
Let t(w) = w**2 - 202*w - 623. Give t(-3).
-8
Let s(g) = -271*g + 536. Give s(2).
-6
Let w(k) = -17*k**2 + 2517*k - 144. Determine w(148).
4
Let z(s) = 4*s**3 + 154*s**2 + 36*s - 1531. What is z(-38)?
-11
Let k(r) = -5*r**3 + 5*r**2 + 30*r + 2. Calculate k(-4).
282
Let b(p) = 2*p**2 + 122*p - 393. Determine b(-51).
-1413
Let p(k) = 245*k - 1390. Determine p(6).
80
Let r(j) = 555*j - 33288. What is r(60)?
12
Let j(a) = 14*a**2 + 70*a - 8. Determine j(-5).
-8
Let b(d) = d**2 - 529*d + 56856. Give b(150).
6
Let o(d) = -48*d**2 + 1286*d + 31. Calculate o(27).
-239
Let s(r) = -2937*r - 55807. Calculate s(-19).
-4
Let l(h) = -10*h**2 + 116*h - 48. Calculate l(12).
-96
Let p(h) = h**3 + 69*h**2 + 201*h + 196. Give p(-66).
-2
Let w(h) = 8695*h + 43471. Calculate w(-5).
-4
Let d(n) = -66*n + 493. Calculate d(7).
31
Let v(k) = 3*k**3 + 23*k**2 - 45*k - 21. Give v(-8).
275
Let n(z) = -3*z**3 - 29*z**2 - 7*z + 108. Determine n(-9).
9
Let a(l) = -l**3 - 88*l**2 - 170*l + 165. Give a(-86).
-7
Let m(q) = -q**3 + 111*q**2 - 321*q - 335. Give m(108).
-11
Let u(m) = -m**3 + 3*m**2 + 9*m + 2. Calculate u(-2).
4
Let z(c) = -3*c**2 + 73*c - 85. Calculate z(23).
7
Let t(b) = -b**2 - 58*b - 149. Determine t(-50).
251
Let n(h) = -h**3 + 68*h**2 - 73*h - 2. Determine n(1).
-8
Let b(z) = -7*z**2 + 115*z + 66. Determine b(17).
-2
Let p(z) = 40*z + 82. Calculate p(-2).
2
Let v(w) = w**3 + 58*w**2 - 199*w + 45. Determine v(3).
-3
Let u(n) = 32*n - 131. Calculate u(0).
-131
Let p(x) = 3*x**2 + 3*x - 1392. Determine p(-22).
-6
Let i(t) = t**2 - 61*t + 91. Determine i(57).
-137
Let k(x) = x**3 - 18*x**2 + 13*x + 87. What is k(17)?
19
Let s(x) = -465*x - 2378. What is s(-5)?
-53
Let a(g) = g**3 - 45*g**2 + 506*g - 34. Calculate a(24).
14
Let u(q) = q**3 + 165*q**2 + 1979*q + 28. Determine u(-13).
-11
Let q(a) = a**2 - 31*a - 5775. Calculate q(-62).
-9
Let q(i) = 2*i**2 - 50*i - 286. Calculate q(-5).
14
Let i(w) = 4*w + 40. Determine i(-7).
12
Let j(f) = 2*f**2 - 95*f + 3. Calculate j(47).
-44
Let n(z) = 8*z**2 - 484*z - 745. Give n(62).
-1
Let q(z) = z**3 - 34*z**2 - 22*z. What is q(35)?
455
Let y(t) = t**3 + 15*t**2 - 1067*t - 43. What is y(-41)?
-2
Let l(c) = c**3 + 31*c**2 + 281*c - 23. Determine l(-14).
-625
Let c(n) = 520*n + 2598. What is c(-5)?
-2
Let a(c) = c**3 + 13*c**2 - 196*c - 2. What is a(9)?
16
Let b(p) = p**3 + 163*p**2 - 2282*p + 1061. Determine b(-176).
5
Let l(z) = -z**2 - 104*z + 4349. What is l(-136)?
-3
Let s(a) = -2*a**3 - 9*a**2 - 39*a - 277. Give s(-8).
483
Let x(j) = -6*j**3 - 94*j**2 + 42*j + 115. Give x(-16).
-45
Let m(l) = -l**3 + 43*l**2 - 37*l - 69. What is m(42)?
141
Let k(s) = 318*s - 8269. Calculate k(26).
-1
Let u(d) = -422*d - 16010. Calculate u(-38).
26
Let u(g) = -6*g**2 + 142*g + 46. What is u(23)?
138
Let o(q) = -69*q - 498. Calculate o(-9).
123
Let u(g) = -5*g**3 - 481*g**2 - 104*g - 745. Determine u(-96).
23
Let n(w) = -w**2 + 28*w - 63. Give n(16).
129
Let v(q) = -883*q - 90942. Determine v(-103).
7
Let h(u) = 129*u**2 + 1151*u - 27. Determine h(-9).
63
Let f(w) = -19*w + 1155. Give f(53).
148
Let r(w) = 62*w**2 + 546*w + 8. What is r(-9)?
116
Let n(a) = 19*a + 312. What is n(-15)?
27
Let u(r) = -138*r + 1022. What is u(10)?
-358
Let h(o) = -o**3 + 42*o**2 + 187*o - 136. Calculate h(46).
2
Let u(d) = d**3 + 21*d**2 + 75*d + 16. What is u(-3)?
-47
Let j(u) = -u - 117. Give j(-2).
-115
Let i(r) = -9*r**2 + 236. What is i(6)?
-88
Let h(o) = 55*o - 1214. Give h(23).
51
Let v(p) = 3*p**2 + p - 44. What is v(-6)?
58
Let v(k) = -10*k + 222. Give v(8).
142
Let s(g) = -141*g**3 + 2*g**2 + 3*g + 3. Calculate s(-1).
143
Let l(t) = t**3 + 29*t**2 - 63*t - 31. Calculate l(-31).
0
Let i(j) = 23*j + 216. Determine i(-6).
78
Let f(d) = -d**3 + 13*d**2 - 54*d + 223. Determine f(10).
-17
Let s(a) = -a - 16. Calculate s(-31).
15
Let o(n) = n**3 - 2*n**2 - 7*n - 5. Give o(4).
-1
Let t(i) = -5*i**3 + 18*i**2 - 10*i + 36. Give t(5).
-189
Let x(y) = 3*y**2 - 14*y - 57. Calculate x(8).
23
Let f(v) = -6*v**2 + 157*v + 19. Calculate f(0).
19
Let u(x) = x**2 - 25*x + 149. Determine u(12).
-7
Let j(u) = 107*u + 226. Calculate j(-2).
12
Let w(b) = -28*b - 477. Calculate w(-30).
363
Let p(d) = -5*d**2 + 10*d + 4. What is p(-10)?
-596
Let b(f) = 3*f**3 - 44*f**2 + 133*f + 72. Determine b(10).
2
Let a(z) = 2*z**2 + 27*z - 7. Give a(4).
133
Let y(a) = 15*a**2 - 29*a + 3. What is y(2)?
5
Let l(k) = k**3 - 4*k**2 - 10*k + 26. Determine l(3).
-13
Let d(q) = -q**2 - 11*q + 137. Give d(-17).
35
Let s(j) = 12*j - 8. Calculate s(-22).
-272
Let r(i) = 3*i**3 + 43*i**2 + 8*i + 8. Determine r(-14).
92
Let p(r) = 22*r**2 - 7*r - 1. What is p(-2)?
101
Let l(r) = -r**2 - 186*r - 3459. Calculate l(-21).
6
Let b(w) = -78*w - 5133. Give b(-66).
15
Let h(v) = -v**3 + 135*v**2 + 1457*v - 1022. What is h(145)?
-7
Let t(g) = -71*g - 9398. Calculate t(-130).
-168
Let d(f) = 14*f**2 + 1037*f - 1040. What is d(1)?
11
Let t(o) = -79*o**3 + 2*o**2 + 104*o - 105. Give t(1).
-78
Let j(h) = 21*h + 100. What is j(-9)?
-89
Let t(k) = -2*k**3 + 2*k**2 - 13*k - 10. Determine t(5).
-275
Let a(t) = t**3 - 157*t**2 + 42*t - 6607. Calculate a(157).
-13
Let m(o) = 117*o + 435. Calculate m(-4).
-33
Let y(m) = -1637*m - 45851. Give y(-28).
-15
Let d(k) = -165*k + 451. Give d(3).
-44
Let n(x) = 2*x**2 - 16*x - 111. Give n(-5).
19
Let f(d) = 4*d**2 + 75*d + 368. What is f(-9)?
17
Let j(k) = -42*k + 456. What is j(11)?
-6
Let p(r) = -3*r**2 - 474*r + 952. Calculate p(2).
-8
Let l(c) = 21*c - 263. Determine l(12).
-11
Let f(q) = -2*q**3 - 5*q**2 + q - 18. Calculate f(-5).
102
Let d(s) = -143*s + 3. Give d(1).
-140
Let b(l) = -l**2 - 723*l + 2907. Determine b(4).
-1
Let g(b) = -b**3 + 73*b**2 + 128*b + 1652. What is g(75)?
2
Let v(g) = 45*g - 3835. Calculate v(86).
35
Let p(z) = -z**3 + 8*z**2 - z + 21. Determine p(8).
13
Let w(u) = u**3 + 4*u**2 + 63*u + 582. Give w(-7).
-6
Let o(l) = -3*l**3 - 19*l**2 - 67*l - 357. Calculate o(-6).
9
Let t(f) = 2*f**3 + 2*f**2 + 20*f + 53. What is t(-4)?
-123
Let d(s) = 16*s + 5. Give d(-6).
-91
Let b(k) = -490*k + 361. Determine b(2).
-619
Let y(z) = -4*z**3 + 26*z**2 + 91*z - 2. Give y(9).
7
Let i(q) = -q**2 - 3*q + 21. Calculate i(2).
11
Let p(a) = -a**2 - 120*a - 2973. What is p(-35)?
2
Let g(i) = -505*i + 8715. Determine g(17).
130
Let a(p) = 27*p + 25. Determine a(-1).
-2
Let n(r) = 152*r - 1664. Determine n(11).
8
Let g(p) = p**2 + 16*p - 2438. Give g(42).
-2
Let a(g) = g**2 + 89*g + 455. Calculate a(-85).
115
Let l(s) = -149*s - 4910. Determine l(-33).
7
Let a(f) = -2*f**3 - 432*f**2 + 19*f + 4059. What is a(-216)?
-45
Let s(l) = -15*l. Determine s(4).
-60
Let d(p) = -p**2 - 12*p + 24. Give d(6).
-84
Let v(o) = -o**2 + 10*o + 1460. Calculate v(-32).
116
Let g(n) = -2*n**3 + 34*n**2 + 19*n + 38. Determine g(17).
361
Let y(v) = 445*v + 91232. Calculate y(-205).
7
Let s(v) = -v**2 - 111*v - 1513. Determine s(-16).
7
Let o(p) = 618*p - 2479. What is o(4)?
-7
Let x(j) = -7*j**2 - 5*j + 12. Determine x(3).
-66
Let u(b) = -373*b + 4854. What is u(13)?
5
Let j(v) = -2*v**3 - 151*v**2 - 774*v - 272. Calculate j(-70).
8
Let u(s) = 4*s**2 + 191*s - 56. Calculate u(-48).
-8
Let m(q) = -q**2 - 9464*q + 66296. What is m(7)?
-1
Let w(z) = 24*z**2 + 12*z + 9. What is w(4)?
441
Let v(w) = 2*w + 138. What is v(-68)?
2
Let o(q) = 2*q**3 + 13*q**2 - 213*q + 461. What is o(3)?
-7
Let r(v) = v**3 - 7*v**2 - 282*v + 2624. What is r(11)?
6
Let y(m) = 35*m - 1. Determine y(8).
279
Let u(s) =